r of 36 and d.
18
Let m = 26 + 34. Let a(y) = 5*y**2 - 5*y + 5. Let q be (-2)/(-11) - (-160)/88. Let u be a(q). Calculate the greatest common divisor of u and m.
15
Suppose -10*b + 67*b = 15732. What is the highest common factor of b and 48?
12
Suppose 2*z = -z + 12. Let y(w) be the second derivative of w**4/12 - 5*w**3/6 + 3*w**2 - 4*w. Let u be y(z). Calculate the highest common divisor of 4 and u.
2
Let f(w) = -47*w + 27. Let c be f(-2). What is the highest common divisor of c and 99?
11
Let l be 1*3/(-3) + 4. Let q(v) = -6*v + 7. Let t(m) = -m. Let z(d) = q(d) - 5*t(d). Let y be z(4). Calculate the highest common divisor of l and y.
3
Let p be -5*8/(56/(-77)). Let z(q) = -q**3 - 4*q**2 - 3*q - 1. Let u be z(-4). What is the greatest common factor of p and u?
11
Suppose 0 = -j - 2*p + 8 + 3, -4*p + 1 = -j. Calculate the highest common divisor of j and 511.
7
Let y be (30/(-4))/3*-2. Let k be 7/((-14)/(-18))*1. Suppose -y*h + 31 = 4*c, k = -4*c - h + 60. What is the greatest common factor of c and 126?
14
Let m be 210/18 - (-6)/18. Calculate the highest common factor of m and 12.
12
Suppose 6*p - 9*p = 3*k - 12, -4*p + 22 = -2*k. Calculate the greatest common divisor of p and 365.
5
Let x = 162 + -95. Suppose -79 = -2*r + 5*l, 4*r - x = 5*l + 76. Calculate the highest common divisor of 352 and r.
32
Let z be (12/(-10))/(3/10). Let h(x) = 5*x**2 + 16*x - 2. Let v be h(z). Calculate the highest common factor of v and 112.
14
Suppose -g - 8 = 3*d, -2*g = -6*d + d + 49. Let v be -1 - (-5)/(15/84). Let p = v + g. Calculate the greatest common factor of 2 and p.
2
Let n be -2*(195/(-2))/(-3). Let x = n - -116. Let m = -6 - -23. Calculate the highest common factor of m and x.
17
Let i be 0/(-7)*(-2)/4. Suppose o = -i*o + 99. Suppose o + 91 = 5*v. What is the highest common divisor of v and 57?
19
Let u(c) = -2*c + 12. Let m be u(5). Let l(n) = n**3 + 6*n**2 + m*n + 3*n + 0*n**3 + 11. Let p be l(-5). What is the highest common divisor of p and 55?
11
Let d be ((-546)/65)/(9/(-75)). What is the highest common divisor of d and 98?
14
Let w = -1544 - -2568. What is the highest common divisor of 32 and w?
32
Suppose 5 = 4*c - 7. Let j = 453 - 449. Suppose j*r - 5*m = 3*r + 25, -1 = -r - c*m. What is the highest common divisor of 60 and r?
10
Let y be (28/21)/(2/3). Suppose y*g + 12 - 50 = -2*d, 56 = 2*g - 4*d. What is the highest common divisor of g and 176?
22
Let i be (-6)/42 + 44/14 + -1. Suppose 0 = 2*l + 3*p + p - 102, -i*l = -5*p - 75. What is the highest common factor of l and 15?
15
Suppose -617 = -13*g - 32. Suppose 4*p + 132 = 4*u, -4*p - g = -u - 0*u. What is the greatest common factor of 29 and u?
29
Suppose 0 = -7*f + 6 + 36. Suppose 630 = -u + f*u. What is the highest common divisor of u and 18?
18
Let y be 3*1 + 6/(30/355). What is the greatest common factor of 259 and y?
37
Let v(g) = -2*g**3 - g**2 + 4. Let m be v(-2). Suppose -6*o + 2*o + 64 = 0. Suppose 48 = 2*u - o. Calculate the highest common factor of m and u.
16
Suppose -14*p = -7987 - 9821. Calculate the highest common factor of 12 and p.
12
Let y = 2 + 35. Suppose -n - y = -3*b, 2*b - 4*n = -3*b + 57. Suppose 0 = -s - 2*j + 125, -s - 4*j + 8*j = -101. Calculate the highest common factor of b and s.
13
Suppose 3*p - 167 = -2*u, -5*p - 207 = -u - u. Calculate the highest common divisor of u and 28.
7
Suppose 66*h - 4*o = 61*h + 14, 0 = -4*h + 4*o + 8. Let c be 1*2*(-5)/(-2). Let f = c - -7. Calculate the greatest common divisor of f and h.
6
Suppose 3*k = -m + 63, -232 = -5*m + 3*k + 173. What is the highest common divisor of 546 and m?
78
Let m be 3/(54/18652) + (-182)/819. Calculate the greatest common factor of m and 28.
28
Suppose -2*s + 21 + 27 = 0. Suppose -m + 2*m = 16. What is the highest common factor of s and m?
8
Let p(c) = c**3 + 10*c**2 + 22*c - 12. Let f be p(-5). What is the greatest common divisor of f and 393?
3
Suppose -2*h - 100 = -7*h. Let j be (-8)/h + 84/10. Suppose 0 = 2*o - 6*o + j. What is the greatest common factor of 14 and o?
2
Let a(p) = p**2 - 23*p - 122. Let l be a(-5). What is the greatest common divisor of 36 and l?
18
Suppose 3*x = 2*c - 0*c - 276, -4*c + 542 = -x. Calculate the greatest common factor of 225 and c.
45
Suppose i = 5*s - 74, -4*i = -2*s + 22 + 22. Calculate the highest common divisor of s and 112.
14
Let n be ((-5)/1)/(6/(-45))*2. Suppose 0 = -8*z + 13*z - n. Calculate the highest common factor of z and 135.
15
Let f(t) = -21*t - 215. Let p be f(-20). Calculate the greatest common divisor of p and 5.
5
Suppose 0 = -3*p - p. Let j be -8*19 - (p - 0). Let y = 295 + j. Calculate the greatest common divisor of 13 and y.
13
Suppose k = -5*h + 571 + 66, 4*k + 652 = 5*h. Calculate the highest common divisor of 8 and h.
8
Let d = 1381 - 1267. What is the greatest common factor of 323 and d?
19
Let i = -67 + 82. Suppose -3*y - i = 0, 5*y = -r + 2*r - 85. Calculate the greatest common factor of 12 and r.
12
Let c be 26 - ((-5 - 4) + 5). Let v = 36 - c. What is the highest common divisor of 27 and v?
3
Suppose 8 + 22 = 2*z - 2*j, 2*j = -3*z + 20. Let r(x) = -2*x + 5. Let d be r(-5). Calculate the highest common divisor of z and d.
5
Suppose m - 5*l = 0, 169 - 173 = -2*l. What is the highest common divisor of 690 and m?
10
Let w(z) = z**2 + 3*z. Suppose 3*b - 13 + 4 = 0. Let s be w(b). Let g = 284 - 140. What is the highest common divisor of s and g?
18
Suppose 31 = 4*y - 0*n + 5*n, -2*n = -5*y + 14. Let x be 2/y*11*4. Let t(d) = 5*d + 41. Let b be t(-6). Calculate the greatest common factor of x and b.
11
Let z be (-1)/(6/(-20))*3. Suppose -3436 = -42*l + 1184. Calculate the greatest common factor of z and l.
10
Let d = -7 - -5. Let a be (-3)/12*10*d. Calculate the greatest common factor of 5 and a.
5
Let p be 11/(-110) - 1203/(-30). Suppose -3*k = -0*k - 12. Suppose 0*i - 3*i = k*u - 36, 3*i + u - 27 = 0. Calculate the greatest common divisor of i and p.
8
Let a = 1564 - 1480. What is the greatest common divisor of 2268 and a?
84
Suppose 4*w = 5*w - 2*w. Let g be (-22)/(w - 10/15). What is the greatest common divisor of g and 11?
11
Suppose 10*v - 35 = 35. Suppose 2*x - 5*q = -3*x + 185, q + 142 = 4*x. Calculate the greatest common factor of x and v.
7
Let n be (-3 + 4)*(3 - 2). Let i be (16/4 + -2)/n. Suppose -5*w - f = -3*f - 105, i*w - 42 = -5*f. What is the greatest common divisor of 14 and w?
7
Let p = 33 + -4. Let i = 375 - 681. Let x be (i/(-136))/(6/232). What is the greatest common factor of x and p?
29
Let p(y) = -12*y**3 + y**2 - y - 2. Let l be (2 + 32/(-12))/(6/9). Let z be p(l). Calculate the highest common factor of z and 8.
4
Suppose q = -0*q - 2*m + 85, -5*m - 179 = -2*q. Let i be (1 - (-53)/5)*5. Calculate the greatest common factor of i and q.
29
Let m = -2 + 1. Let s be (m/3)/((-20)/1140). Suppose 0 = -2*x + 6*x - 228. What is the greatest common divisor of x and s?
19
Suppose -3*a = -2*c + a - 2, a = 5*c - 13. Suppose -c*y + 4*y = 26. Calculate the greatest common divisor of 26 and y.
26
Let q(j) = 4*j**3 - 29*j**2 + 9*j - 9. Let c be q(7). Let u be 42/(2 - (-5 + c)). Calculate the highest common factor of 7 and u.
7
Let v be (-31440)/(-132) - (-4)/(-22). Let r(h) = h**2 + 2*h - 3. Let j be r(-4). Suppose -j*y + v = -112. What is the greatest common divisor of y and 28?
14
Let q(d) = 115*d**3 + 7 - 11*d**2 - 113*d**3 + 6*d - 25 - 21*d**2. Let g be q(16). Calculate the greatest common factor of g and 52.
26
Suppose -48 = 8*q - 14*q. Calculate the highest common divisor of q and 8.
8
Suppose -4*j = -33 - 15. Suppose -4*n + 4 = -0*n. Let a = 7 + n. Calculate the greatest common divisor of a and j.
4
Let s(c) = 3*c**2 + 70*c + 38. Let x be s(-23). Calculate the greatest common factor of 75 and x.
15
Suppose 4*d = -4*r + 2324, 1747 = 3*r - d + 3*d. What is the highest common divisor of r and 180?
45
Let m be 4*(-5)/20 - (-28)/1. What is the greatest common factor of 441 and m?
9
Let j(s) = -13*s - 14. Let o be j(-4). Suppose -3*n + 15 = -2*v - 0, 5*n = -v + o. What is the highest common divisor of 7 and n?
7
Let i(w) = 121*w - 1. Let t be i(1). Suppose 186 + t = 3*g. Suppose -218 = -3*d - n, 0 = 5*d + 5*n + g - 472. Calculate the greatest common divisor of 8 and d.
8
Let i(p) = p + p - 2 - p + 2*p**2 + 2*p. Let n be i(2)